p - 0. Suppose 5*d - 114 = p*d. Calculate the remainder when d is divided by (-4)/(-20) - (-99)/5.
18
Let v = 1 + 3. Suppose -4*q + o + 2 + 22 = 0, -3*o = v*q - 40. Calculate the remainder when 25 is divided by q.
4
Suppose 5*n = -0*n + 285. What is the remainder when n is divided by 16?
9
Let p = 25 + -11. Calculate the remainder when p is divided by 10.
4
Let p(d) be the first derivative of d**5/30 - d**3/2 + d**2 + 3. Let v(b) be the second derivative of p(b). What is the remainder when 58 is divided by v(-3)?
13
Suppose 0*b - 30 = -3*b. Suppose -b - 14 = -2*g. Calculate the remainder when 33 is divided by g.
9
Suppose 1898 = 2*i - 52. Suppose 0*d = 5*d - i. Calculate the remainder when 13 is divided by d/27 - (-2)/(-9).
6
Let l = -2 - -1. Let f be l/(-2 + 118/58). Let s = 12 - f. Calculate the remainder when s is divided by 14.
13
Suppose 3*y - 29 = -u, -3*u + 19 = 4*y - 48. Calculate the remainder when 198/4 + 1/(-2) is divided by u.
15
Let q(h) = -2*h - 9. Let m = 27 + -18. What is the remainder when m is divided by q(-7)?
4
Suppose 0 = -6*p + 3*p + 6. Let a be (p - 1 - -5)*-16. Calculate the remainder when ((-6)/(-4))/((-4)/a) is divided by 19.
17
Suppose 5*m - 5*u - 10 = 0, 4*m - 2 = 2*u + 6. Let y = -2 + 4. What is the remainder when y is divided by m?
0
Suppose -k = 2*k. Suppose k = 4*z - 51 - 93. What is the remainder when z is divided by 19?
17
Suppose -2*c - 5*b + 102 + 542 = 0, 966 = 3*c + 3*b. What is the remainder when c/8 - 5/20 is divided by 14?
12
Let y = 53 - -70. Suppose 4*t - 3*t - 60 = -d, 2*t + 3*d - y = 0. Suppose -2*p + t = 2*o + 9, 5*p + o = 132. Calculate the remainder when p is divided by 14.
13
Suppose 36 - 82 = -3*p + 2*w, 2*w = -5*p + 82. Let c = -8 + 13. Suppose c*l - p = 19. What is the remainder when 12 is divided by l?
5
Let u be 2*-3 + (-4 - -8). Calculate the remainder when (91/u)/(-7)*8 is divided by 27.
25
Let a(f) = 2*f**3 + 4*f**2 + 4*f + 2. Let s be a(-2). Suppose -2*p = -5*p + 81. Calculate the remainder when p is divided by 12/(-4)*28/s.
13
Suppose 4*v = 2*v + 6. Let d(j) = j**3 - 5*j**2 - 5*j - 4. Calculate the remainder when v is divided by d(6).
1
Let v = -4 + 6. Suppose -v*b = 2*b - 88. Let j = b + -6. Calculate the remainder when 30 is divided by j.
14
Suppose -2*z + 5*z = 39. Suppose 0 = 2*j - 5*t + 61, 3*j - 4*t + 82 = 8. Let n = j + 25. What is the remainder when z is divided by n?
6
Let k = -2 + 19. Suppose k = 2*h - 3*f, 5*h - 5*f + 3*f - 26 = 0. Let d = 8 - -3. Calculate the remainder when d is divided by h.
3
Let f(a) = 9*a**3 + a**2 - 2*a + 2. Let d(p) be the first derivative of -p**2/2 + 8*p - 1. Let o be d(6). What is the remainder when f(o) is divided by 19?
17
Let d(p) = p**3 - 8*p**2 + 12*p + 3. Let n be 270/14 - 8/28. Let q = n + -12. Calculate the remainder when q is divided by d(6).
1
Let f(w) = w**3 - 9*w**2 + 17*w - 14. Calculate the remainder when ((-2)/(-5))/((-1)/(-50)) is divided by f(7).
6
Let k(y) = -y**2 + 9*y - 9. Let s be k(7). Suppose s*w + 0*w - 20 = 0. Suppose w*r = r + 15. What is the remainder when 13 is divided by r?
3
Suppose 201*j - 199*j - 48 = 0. Let a = 185 - 91. Calculate the remainder when a is divided by j.
22
Suppose -5*v + 5*t = -34 + 4, 0 = 5*v - 3*t - 40. Let m(p) = p**2 + p + 7. Calculate the remainder when m(-4) is divided by v.
8
Let g = -47 + 61. Calculate the remainder when g is divided by 6.
2
Let t(y) = -y**2 - 7*y + 1. What is the remainder when 41 is divided by t(-5)?
8
Let g(m) = -2*m**3 + 29*m**2 + 18*m - 5. Calculate the remainder when 116 is divided by g(15).
36
Suppose -10 - 10 = 4*y, -2*y + 38 = 2*d. What is the remainder when 46 is divided by d?
22
Suppose -11*h + 188 = -65. Let f(g) = g**3 + 5*g**2 + 2*g + 6. What is the remainder when h is divided by f(-4)?
9
Suppose 4*r = -4, -3*r = -5*j + j + 415. Let w = j - 50. Calculate the remainder when w is divided by 18.
17
Suppose -5*a - f + 209 = 0, 4*f - 57 = -a - 0*f. What is the remainder when a is divided by 11?
8
Suppose -28 = -4*d - 2*b - 2*b, 4*d = 2*b + 40. What is the remainder when 15 is divided by d?
6
Let l = 246 - 239. Let f = 8 - 4. Calculate the remainder when l is divided by f.
3
Suppose -5*n - 25 = 0, -4*o + 28 = -2*n - 2*n. Suppose o*h - 185 = -41. What is the remainder when h is divided by 25?
22
Let k = 497 - 454. Let n = 34 + -19. What is the remainder when k is divided by n?
13
Let c(k) = -k**3 + k**2 - k + 15. Suppose -3*w + 4*w - 4 = 0. Let z = w - 4. What is the remainder when 29 is divided by c(z)?
14
Let a = 4 - 1. Let j(t) = -a - 5*t - 1 + 1. Calculate the remainder when j(-2) is divided by 2.
1
Let q(t) = -26*t + 6. Let c(j) = 25*j - 5. Let f(a) = -5*c(a) - 4*q(a). Let p(b) = b + 12. Let s be p(-14). Calculate the remainder when f(s) is divided by 15.
13
Let a(m) = 14*m**3 + m**2 - m + 1. Suppose 0*v = 6*v - 264. Calculate the remainder when v is divided by a(1).
14
Let k(q) = -5*q - 2. Let x = 5 - 7. Let y be k(x). Suppose -y*a + 6*a + 2 = 0. What is the remainder when 2 is divided by a?
0
Let p = -13 - -20. Calculate the remainder when 39 is divided by p.
4
Let m(p) = -11*p - 76. What is the remainder when 80 is divided by m(-8)?
8
Suppose 0 = q - b + 4*b - 19, b = 3*q - 87. Let r(c) = 2*c - 3. Let d = 2 - -7. Calculate the remainder when q is divided by r(d).
13
Let z(v) = -2*v. Let n be z(-1). Suppose 0*g + 24 = n*g. Suppose s = 1 + g. What is the remainder when 24 is divided by s?
11
Let c be 5 + -7 - 39/(-1). Let o = c + 117. Suppose 4*z - 2 = 4*r + o, -4*r = -3*z + 121. Calculate the remainder when z is divided by 18.
17
Calculate the remainder when 53 is divided by 0 + (-2)/(-5)*(-9 + 29).
5
Let y = -21 - -43. Let t be (2/3)/(12/882). What is the remainder when y is divided by t/4 - 3/12?
10
Let h = 6 - 4. Suppose -h*w - w = -66. Suppose 0 = 2*m - m - w. What is the remainder when m is divided by 8?
6
Suppose -4 + 14 = 2*h + 2*b, 3*h = 2*b + 25. What is the remainder when 12 is divided by h?
5
Let j be 2/(-6)*0 + 0. Calculate the remainder when 1/(-2 - 29/(-14)) is divided by -5 - -8 - (j - 2).
4
Let u = 22 - 12. Calculate the remainder when 35 is divided by u.
5
Suppose -4*z + y = -3*z - 39, 3*z + 4*y - 103 = 0. Suppose -4*m + 52 = -5*v, -4*m - 5*v - 26 = -6*m. Calculate the remainder when z is divided by m.
11
Let s = -67 - -101. Let g(h) = -h**2 - 15*h + 4. Calculate the remainder when s is divided by g(-14).
16
Let z = 1 + 1. Let n(y) be the second derivative of 3*y**3/2 + y**2/2 - 2*y. What is the remainder when 56 is divided by n(z)?
18
Let t = 23 + -16. Suppose -2*k - 3*k + 12 = -4*d, -18 = -3*d - 3*k. Suppose 3*i = -d*x + x + 7, -4*i - x = -11. What is the remainder when t is divided by i?
3
Suppose -1 - 8 = -3*y. Suppose -4*d - k = -y*k - 16, 3*k = 2*d - 16. Suppose -s + 6*j = j - 2, -4*s + 8 = -d*j. Calculate the remainder when 7 is divided by s.
1
Let y(r) = -r**3 - 5*r**2 - r - 4. Let z(h) = -2*h + 3. Let j be z(4). Let d be y(j). Calculate the remainder when 11 is divided by d - 2 - (0 - 7).
5
Let o(t) = -t**3 - 3*t**2 - t. What is the remainder when 8 is divided by o(-3)?
2
Suppose -5*n = -3*o - 20 - 5, 0 = -5*n - 5*o - 15. Suppose 116 = n*z + 2*z. Let h = 5 + z. What is the remainder when h is divided by 12?
10
Suppose 0*k = -3*k + 30. What is the remainder when 0 - (-31 + (0 - -2)) is divided by k?
9
Suppose -197 = -3*p + 97. Calculate the remainder when p is divided by 26.
20
Let d(c) = c**2 - 6*c - 5. Let n be -2 + (-3)/(-6)*-6. Let t be d(n). Suppose t + 0 = 5*i. Calculate the remainder when 39 is divided by i.
9
Let k(z) = 24*z**2 + z. Let w be k(-1). Let i = w + 9. What is the remainder when i is divided by 1*(10 - 0) + 1?
10
Suppose 16 = 2*c + 2. Suppose 12*b = c*b + 210. Calculate the remainder when b is divided by 22.
20
Let s be (-2)/(5/(295/(-2))). Let b = 89 - s. Calculate the remainder when b is divided by 16.
14
Let l = 156 + -106. Calculate the remainder when l is divided by 13.
11
Let s be (-6 - -6)*2/4. Suppose -2 = -o - s. Calculate the remainder when -2*o*(-11)/4 is divided by 6.
5
Let u = 46 - 15. Let r(c) = -c**3 - 19*c**2 + 22*c + 48. What is the remainder when u is divided by r(-20)?
7
Let g = 31 - 18. What is the remainder when (1/3)/(3/207) is divided by g?
10
Let j = -26 - -40. Calculate the remainder when 